(t).
6
Let k(u) be the first derivative of -11*u**4/24 - u**3/6 + 12*u**2 + 24. Let x(d) be the second derivative of k(d). Let f be -2*(-2)/12*-3. What is x(f)?
10
Let p(k) = -2*k. Let y(s) = 3*s - 16. Let j be y(5). Let f be p(j). Let z(u) = u**3 + u**2 - 3*u + 3. Calculate z(f).
9
Let x(y) = 1 + 8 - 3 + 2*y**2 + 7*y - y**2. Let l(a) = -3*a**2 - 2 - 3 + 0 + 2*a**2. Let b be l(0). Determine x(b).
-4
Let y be 11/4 + 2/8. Let d(j) = y*j + 1 - 2*j + 3. Suppose -5*b = 30 - 0. Give d(b).
-2
Let n(z) be the third derivative of z**5/60 + z**4/24 + 7*z**3/6 - z**2 - 2. Determine n(0).
7
Let r(z) be the third derivative of 0 + 0*z - 1/10*z**5 + 40*z**2 + 0*z**4 + 0*z**3 - 1/120*z**6. What is r(-5)?
-25
Let n(m) = m**3 + 2*m**2 + m + 1. Suppose 5*k = 20*k. What is n(k)?
1
Let a(z) = -5*z**2 + 49*z + 30. Let x(n) = 2*n**2 - 17*n - 10. Let j(r) = 3*a(r) + 8*x(r). Determine j(-8).
-14
Suppose 2*l = 5*l - 15. Let k(a) be the third derivative of -a**2 + 0 - 1/15*a**5 + 1/120*a**6 + 26*a - 5/6*a**3 - 5/24*a**4. Determine k(l).
-5
Let p(l) = 4*l**2 + 6*l - 1. Let f(v) = -11*v**2 - 18*v. Let r(b) = 3*f(b) + 8*p(b). Determine r(-5).
-3
Let v(b) = 5*b**3 + 14*b**2 + 3*b + 7. Let y(n) = 4*n**3 + 13*n**2 + 4*n + 6. Let o(i) = 5*v(i) - 6*y(i). Calculate o(9).
-1
Let b(v) = -v**3 - 24*v**2 - 60*v + 64. Let k be b(-21). Let h(w) = -12*w + 11. Determine h(k).
-1
Suppose l - 20 = -17. Let g(o) = 101*o**3 - 46*o**l - 5*o**2 + 8 - 54*o**3 - 7*o. Give g(6).
2
Let d(g) = g**2 + 6*g - 1. Suppose -12*n = -17*n + 3*i - 24, -2*n + 2*i - 8 = 0. What is d(n)?
-1
Let k(z) = 6*z**3 - z**2 + 3*z + 1. Let o(s) = s**3 + 2*s + 1. Let b(n) = k(n) - 3*o(n). Give b(-2).
-24
Let n(b) = b**2 - 11*b + 37. Let a be n(5). Let d(v) = v**2 - 5*v - 6. Calculate d(a).
8
Let c(h) = h**3 + 6*h**2 + 10*h + 33. Let p(o) = o**3 + 6*o**2 + 12*o + 31. Let n(j) = -3*c(j) + 2*p(j). Give n(-6).
-1
Let u = -156 - -150. Let x(q) = -q - 4. Calculate x(u).
2
Suppose 0*h = -2*h + 3*p + 21, 4*p = 3*h - 29. Suppose 0 = -4*s + 17 + h. Suppose s*c + 15 = -10. Let d(k) = k**2 + 2*k - 3. Calculate d(c).
12
Let u(n) = -2*n - 17. Let q be u(-12). Suppose -3*z = 1 - q. Let g(p) = 4*p - 3. Determine g(z).
5
Suppose 5*a - 3*p = 0, -3*a - 4*p + 23 = -2*a. Let y(n) = -n**3 + 4*n**2 - 4*n + 6. Calculate y(a).
3
Let l(z) = -z**2 + 9*z - 2. Let j(v) = -3*v**2 + 20*v - 5. Let n(i) = -2*j(i) + 5*l(i). Calculate n(-8).
24
Let f be 1 + (-2 + -1)/3. Suppose 4*r - 3*r + 3 = f. Let g(x) = 1 - 2 + x**2 + 6*x - 4 + 2. Give g(r).
-12
Let d(m) = -8*m**3 - 2*m - 1. Let t = 633 - 634. Determine d(t).
9
Let x(l) = 2*l - 18. Let o be x(8). Let y(r) = 1 - 40*r**2 + 72*r**2 - 36*r**2. Determine y(o).
-15
Let v(g) = -21 + 3 + 10*g - 7*g + 1. Let n be v(5). Let s(p) = -p**3 - 2*p**2 - p - 1. Determine s(n).
1
Suppose -4*n + 3*r - 7 = 0, n - 4*n + 1 = 4*r. Let z(h) = 21*h - 1. What is z(n)?
-22
Let m(t) = -t**2 - 5*t - 3. Suppose u = 3, -d + 3*u + 9 = 7*u. Give m(d).
3
Let x(l) = -5*l**2 + 2*l - 13. Let t(c) = 12*c**2 - 5*c + 27. Let v(f) = -2*t(f) - 5*x(f). What is v(0)?
11
Let s(d) be the third derivative of d**4/8 - d**3/2 + 11*d**2 - 7*d. What is s(7)?
18
Let d(j) = -j + 1. Let x be -6 + 4 - -58 - -1. Suppose x = -4*k + k. Let q = k + 15. Give d(q).
5
Let n(f) = -f**3 - 5*f**2 - 5*f - 4. Let k = 236 + -241. What is n(k)?
21
Let r(v) = v**3 + 4*v**2 - 4*v - 2. Let t(y) = 2*y**3 + 10*y**2 - 17*y - 35. Let k be t(-6). Give r(k).
-7
Let u(y) = -3*y**2 - 5*y + 1. Let t(c) = 6*c**2 + 12*c - 2. Let z(l) = 3*t(l) + 7*u(l). Let k(i) = i - 1. Let h be k(3). Determine z(h).
-9
Let j(y) = -6*y**2 + 5*y - 3. Let u(o) be the first derivative of 7*o**3/3 - 3*o**2 + 4*o + 8. Let l(w) = 6*j(w) + 5*u(w). Give l(-4).
-14
Let t(q) = q + 26 + q**3 - 9*q**2 - 15 - 11. Give t(9).
9
Let n(l) = l**3 + 6*l**2 - 8*l + 1. Suppose 3*j + p + 2 = 5*j, 2 = 2*j + 3*p. Let h = -13 - j. Let r be (h/8)/((-1)/(-4)). What is n(r)?
8
Let z(i) be the second derivative of -i**3/2 - 14*i**2 + 442*i. What is z(-10)?
2
Let s(r) = 4*r + 0 - 2*r + 3 - 11*r + r**2 - 2*r. Determine s(5).
-27
Let g(q) be the third derivative of q**5/20 - 5*q**4/24 - 7*q**3/6 - 113*q**2. What is g(5)?
43
Let d = -89 - -83. Let u be -1 - d - (-10 - -24). Let g(t) = t**2 + 8*t - 13. Calculate g(u).
-4
Let n(z) = -z + 3. Let m = -1 - 8. Let q = -6 - m. Calculate n(q).
0
Let g(h) be the second derivative of h**5/60 + 5*h**4/24 - 5*h**3/6 + 9*h**2/2 + 20*h. Let q(m) be the first derivative of g(m). Give q(-5).
-5
Suppose 4*i = 3*i + 4. Let q(r) be the third derivative of -r**5/60 + 3*r**4/8 - 2*r**3/3 - 387*r**2 + 3. Give q(i).
16
Let h(w) = 22*w + 3. Let p(r) = 15*r + 4. Let t(d) = -2*h(d) + 3*p(d). Give t(5).
11
Let l(u) = -u**3 - 19*u**2 - 19*u - 10. Let t(i) = i**3 + 8*i**2 - 5*i + 18. Let v be t(-9). Give l(v).
8
Suppose 5*q = 2*w - 5, -4*w + 24 = q + 3. Let g(m) = 6*m**2 - w*m**2 + 20 - 18 - 2*m. Let o be 4/8 + (-3)/(-2). Calculate g(o).
2
Let j(x) be the third derivative of -x**5/30 + 13*x**4/12 - x**3/6 + 228*x**2 - 2. Determine j(13).
-1
Let p = -7 + 8. Let h(t) = -3*t + 10. Let w(a) = -a + 1. Let c(n) = p*h(n) - 4*w(n). Give c(6).
12
Let g(z) = 3*z**3 + 2*z**2 - 5*z + 3. Let y be g(1). Let u(b) = 2*b - 1 + 3*b + y*b - b. Determine u(2).
13
Let d(p) = p - 254 + 503 - 263. Give d(10).
-4
Suppose -33*t = -363 + 165. Let h(j) be the third derivative of -1/120*j**t + 0*j + 2/3*j**3 - 1/10*j**5 + 0 + 1/3*j**4 + j**2. Determine h(-7).
-3
Suppose 28 = 3*s - 7*s. Let t(j) = 2*j - 6. Give t(s).
-20
Let h(s) = -36*s - 3*s**3 + 21*s + 6*s**2 + 2*s**3 + 10*s - 7. Let t(b) = b. Let v be t(4). Suppose 9 = 2*z - v*p - 5, p = 3*z - 16. Give h(z).
-7
Let f(k) = -k**2 + 3*k + 5. Let z(q) = -2*q**2 + 4*q + 6. Let s(a) = -3*f(a) + 2*z(a). Let j be (-1 + (1 - 2))*66/44. Give s(j).
-9
Let w(s) = s**2 - 9*s. Let l be ((-2)/8)/((-13)/468). Give w(l).
0
Let s(a) be the first derivative of -a**3/3 + 4*a**2 - 3*a + 72. What is s(6)?
9
Suppose -24*x = 48 + 48. Let c(g) = g + 5. What is c(x)?
1
Let j(k) be the third derivative of 0 + 0*k - 3/8*k**4 - 1/6*k**3 - k**2. Suppose 0 = 4*p + 1 + 3. Give j(p).
8
Let k be (-66)/10 - (-2)/(-5). Let h(y) = -y - 1. Let z be h(-5). Let x(d) = 5 + 3*d**3 - z*d**3 + 0*d**3 - 7*d**2 + 0*d**3 + d. Calculate x(k).
-2
Let q(y) = 6*y + 8 - y + y - 2*y. What is q(-9)?
-28
Let f(x) = -x + 62*x**2 + 4*x - 63*x**2 + 0*x + 55 - 39. Give f(8).
-24
Let b(q) = -3*q + 4. Suppose -5*i = -2*k - 40, -i + k = 5*k + 14. Calculate b(i).
-14
Let q(y) = -y**3 - y**2 - 5. Let i be ((-6)/(-8) - (-12)/(-16)) + 0. Determine q(i).
-5
Let a(f) = 2 + 3*f - 2*f - 1788*f**2 - 7*f**3 + 1799*f**2. Let d(r) = 13*r**3 - 21*r**2 - r - 4. Let y(i) = -11*a(i) - 6*d(i). What is y(3)?
5
Let y(p) be the third derivative of p**5/60 + 5*p**4/24 + 5*p**3/3 + 16*p**2. Let k be y(-3). Let s(m) = m**2 - 5*m + 6. What is s(k)?
2
Let m(l) be the second derivative of l**5/20 + l**3/6 - l**2/2 + 18*l. What is m(-2)?
-11
Suppose 17 = -4*g + 4*d - 3, -2*d - 2 = 2*g. Let k(h) = 2*h**2 + 5*h + 1. Calculate k(g).
4
Let v(t) = -5*t - 8. Let k be v(-4). Suppose k = 2*r - l - l, -5*r + 25 = -4*l. Suppose -c + 4 = r. Let h(o) = 2*o + 3. What is h(c)?
9
Let f(w) be the third derivative of -w**5/30 - 5*w**4/24 - 2*w**3/3 + 1015*w**2. Suppose 0 = 4*v - 5*x + 41, -2*x + 5 = -4*v - 21. Give f(v).
-16
Let p be 1/2*0/(-8). Suppose p = -u + 2*u - 6. Let s(x) = x - 8. Calculate s(u).
-2
Let g = -14 - -21. Let k(m) = 3 - 4*m**2 + 5*m**2 - 4 - g*m**2. Give k(-1).
-7
Let k(p) = 4*p**3 - 3*p**2 + p + 9. Let y(u) be the second derivative of 3*u**5/20 - u**4/6 + u**3/6 + 4*u**2 + 12*u. Let t(d) = 4*k(d) - 5*y(d). What is t(3)?
2
Let o(t) = t - 9. Let f be o(11). Let r(g) = 2 + 2 - 4 - f - g. Give r(-6).
4
Let g(m) = m**2 - 11*m - 21. Suppose -34 = -3*a + 5. Let d be g(a). Let i(y) = y. Determine i(d).
5
Let v be 5/(-1) + 2 + 31. Suppose 2*g - 4*j + v = 0, 26 = -4*g + 3*j - j. Let m(h) be the second derivative of -h**3/6 - 5*h**2/2 - 10*h. What is m(g)?
-1
Let j = 4 - 2. Let d(o) = 5*o + 48. Let i be d(-9). Let q(c) = -36*c + 23*c + 14*c - i + 1. Calculate q(j).
0
Let p(i) = -2*i**3 - i**2 - 4*i + 7 + 3*i + 2*i - 6. Let n be ((-9)/(-2))/9*-2. Calculate p(n).
1
Suppose -4*g = g. Suppose g = 6*i - 7*i + 6. Let z(d) = -d**3 + 5*d**2 + 3*d - 1. What is z(i)?
-19
Let d(p) 